?
-239
In base 8, what is -22 - -7753123?
7753101
In base 3, what is -1221202202 + -1002002?
-1222211211
In base 9, what is 3011 - 7713?
-4702
In base 15, what is 8 + 58637?
58640
In base 11, what is 12858914 + 0?
12858914
In base 11, what is -5 - 10996273?
-10996278
In base 6, what is -4243015514 + 1?
-4243015513
In base 5, what is -31142431 - -44343?
-31043033
In base 3, what is -110011120 - 11110220?
-121122110
In base 13, what is 4c9 + 22290?
22789
In base 13, what is -143a79 + 45?
-143a34
In base 16, what is -1 + -ef2eaa?
-ef2eab
In base 12, what is -23211 - 809?
-23a1a
In base 16, what is 2f320d + 0?
2f320d
In base 9, what is -330 - 3374521?
-3374851
In base 14, what is -b20b012 - -7?
-b20b009
In base 15, what is -3bc593 - 7?
-3bc59a
In base 16, what is 0 - -414a092?
414a092
In base 3, what is -101102222011220 + -22?
-101102222012012
In base 15, what is -8e791 - -3?
-8e78d
In base 14, what is 5cd7b5 + 7?
5cd7bc
In base 10, what is 331 + 104407?
104738
In base 14, what is -9c11b0 + -3?
-9c11b3
In base 9, what is -14 + 877446?
877432
In base 7, what is 3515612 - -15?
3515630
In base 9, what is 176 + 2302?
2478
In base 6, what is 102124455 - -1?
102124500
In base 7, what is -3615 + -326065?
-333013
In base 6, what is -1045 - 245153200?
-245154245
In base 10, what is -130 - 146178?
-146308
In base 13, what is 1c6aa - c?
1c69b
In base 14, what is 21da - -26b?
2467
In base 10, what is 0 - -1079661?
1079661
In base 13, what is 4412 - -34b?
4760
In base 6, what is -12413013 + 142?
-12412431
In base 14, what is 37513 - -d?
37522
In base 2, what is 1010100 + -1001100111000001?
-1001100101101101
In base 14, what is 890 + 625b?
6b0b
In base 3, what is -2102001221112 + -201?
-2102001222020
In base 13, what is 4a11 + -1878?
3166
In base 2, what is 101110000011101101101101 - -1?
101110000011101101101110
In base 2, what is -111111111 + -1010011000111011?
-1010100000111010
In base 15, what is -57e + 2b4e?
25c0
In base 11, what is 7 - -109aa135?
109aa141
In base 8, what is 553461 - -24?
553505
In base 5, what is -100101041 - 0?
-100101041
In base 8, what is 60147672 + 5?
60147677
In base 4, what is 1320 + 1202101013?
1202102333
In base 3, what is -20100 + 202122222112102?
202122222022002
In base 10, what is -1348087 + -1?
-1348088
In base 11, what is -1 - 275a6899?
-275a689a
In base 3, what is 1112002210 + 20222212?
1210002122
In base 13, what is -2 - 1186?
-1188
In base 2, what is -11010001011100001010010000 + -1100?
-11010001011100001010011100
In base 8, what is 7321624 - -601?
7322425
In base 11, what is -21 + 297946?
297925
In base 5, what is -41 + -21101323?
-21101414
In base 9, what is 7 - -205844213?
205844221
In base 4, what is -2 + 21333003030?
21333003022
In base 6, what is 150 - -432350512?
432351102
In base 11, what is 0 - 4a167193?
-4a167193
In base 12, what is -14a22 + 189b?
-13143
In base 9, what is -8055 + -8441?
-17506
In base 10, what is -4143178 + -2?
-4143180
In base 13, what is 3 - -1649698?
164969b
In base 12, what is -11ba + 98071?
96a73
In base 15, what is -3d2105 + -10?
-3d2115
In base 16, what is -1b + -308f77?
-308f92
In base 8, what is 133560 - -21?
133601
In base 6, what is -12 - -4313055?
4313043
In base 4, what is 3103301 - -1120?
3111021
In base 14, what is -dc977 - -17?
-dc960
In base 12, what is -1a58a26b + 1?
-1a58a26a
In base 2, what is 100100000101001000100001 - -1110?
100100000101001000101111
In base 8, what is -2253 - 17402?
-21655
In base 11, what is 5651727 - -7?
5651733
In base 3, what is 112202 - 1121211122221?
-1121211010012
In base 9, what is 3 + -2671220?
-2671216
In base 4, what is -121020230223 - 3?
-121020230232
In base 4, what is -1 + 1113030202020?
1113030202013
In base 12, what is -8173 - 9326?
-15499
In base 5, what is -212202220 + 2?
-212202213
In base 9, what is -257323004 + 2?
-257323002
In base 5, what is -2121 + 20042330?
20040204
In base 2, what is -1101111001111101011 + 0?
-1101111001111101011
In base 14, what is 9 + -43b29ad?
-43b29a4
In base 4, what is -13220031221 + 1033?
-13220030122
In base 11, what is -1a + 27a988?
27a969
In base 7, what is 262406412 + -4?
262406405
In base 10, what is -9803470 - -23?
-9803447
In base 2, what is 1101 + 10101111100000000000010010?
10101111100000000000011111
In base 8, what is 1052503 - -16?
1052521
In base 13, what is -31638 - -62?
-315a6
In base 12, what is -5 + 1784521?
1784518
In base 9, what is 2624278 + 383?
2624672
In base 3, what is -10200201001212 + 2?
-10200201001210
In base 8, what is 1 + -1044443455?
-1044443454
In base 6, what is 0 - 5423452035?
-5423452035
In base 4, what is -1201 - -20301302?
20300101
In base 16, what is -1b49ae - 0?
-1b49ae
In base 15, what is -34d - 226?
-574
In base 2, what is 100001101000 - -100001100101001?
100101110010001
In base 16, what is -195f + -1693?
-2ff2
In base 3, what is 1222101001111 + -12?
1222101001022
In base 11, what is 63a97 - -a1?
64088
In base 5, what is 14302403210 + 0?
14302403210
In base 12, what is 30923238 + -9?
3092322b
In base 5, what is 4 + -42141024333?
-42141024324
In base 12, what is 32282 + 9b?
32361
In base 3, what is 1001121 - 2002020?
-1000122
In base 6, what is 10110401 - 254?
10110103
In base 15, what is 1 - -116832d?
116832e
In base 9, what is 3822023 + -376?
3821536
In base 14, what is 1a635 + -25?
1a610
In base 8, what is -20505733 - -651?
-20505062
In base 10, what is -2863215 + -7?
-2863222
In base 3, what is -1001212001120211 - -21?
-1001212001120120
In base 16, what is 6 + 38310?
38316
In base 3, what is 2002200022012 + 12112?
2002200111201
In base 14, what is -d0959 - -39?
-d0920
In base 2, what is 100110111111010110010000111 - 100?
100110111111010110010000011
In base 4, what is 10222102 - 3202?
10212300
In base 9, what is 231565 + -14?
231551
In base 6, what is -10301 + -21115?
-31420
In base 3, what is -1001201121022 + 1012?
-1001201120010
In base 8, what is -1221 + -26626?
-30047
In base 3, what is -102102121220120 + 1020?
-102102121212100
In base 3, what is 111 + -1102212002222?
-1102212002111
In base 12, what is -7 - 18874507?
-18874512
In base 4, what is 23320 + 123302010?
123331330
In base 5, what is 21441244 - 240?
21441004
In base 9, what is 53548172 - -4?
53548176
In base 3, what is -201122112111 - -2121?
-201122102220
In base 9, what is -1077 - 17168?
-18256
In base 2, what is -110010111110000010001000 + -100?
-110010111110000010001100
In base 8, what is 401015 + 1322?
402337
In base 10, what is 4230 + 86730?
90960
In base 11, what is -5 + -8572891?
-8572896
In base 13, what is -4385 - -438?
-3c4a
In base 15, what is 2b6 - 992ae?
-98ee8
In base 11, what is -2028 - 1777?
-37a4
In base 6, what is 0 + -2013125505?
-2013125505
In base 14, what is -2230ab57 - 2?
-2230ab59
In base 4, what is -1232311330110 + -12?
-1232311330122
In base 15, what is -5 + b247e?
b2479
In base 5, what is 100320 - 14224?
31041
In base 13, what is 7 + 222532?
222539
In base 16, what is -9e7 + -ac?
-a93
In base 8, what is 3 + -103657373?
-103657370
In base 4, what is -2003323033021032 - 3?
-2003323033021101
In base 5, what is 24230 + -122404?
-43124
In base 16, what is -b6b43 + -4?
-b6b47
In base 10, what is -34563524 - 1?
-34563525
In base 8, what is 34510 - 16?
34472
In base 2, what is 101 + 11001101011100010010?
11001101011100010111
In base 8, what is 30 + 3712350?
3712400
In base 11, what is 2a577639a - -1?
2a57763a0
In base 15, what is -b9a - 37d?
-1028
In base 14, what is 272a4c - 187?
2728a5
In base 7, what is -3 - -1542005636?
1542005633
In base 10, what is -124043937 + -4?
-124043941
In base 2, what is -10110110010 + -10011001110110011?
-10011100101100101
In base 4, what is -2111332 - 22310?
-2200302
In base 2, what is 11010110111010001110111000100 - 101?
11010110111010001110110111111
In base 8, what is 2 - 255012550?
-255012546
In base 15, what is -4b883 + -2?
-4b885
In base 7, what is -16646 - 215003?
-234652
In base 8, what is -444 + 7373?
6727
In base 10, what is 4497699 + -30?
4497669
In base 8, what is 1 + 45160710?
45160711
In base 11, what is 8319651 - -5?
8319656
In base 5, what is -24 + -11404423234?
-11404423313
In base 15, what is -5dbb - a19?
-68d5
In base 9, what is 1341 - 718524?
-717173
In base 7, what is -603 - -1115621?
1115015
In base 4, what is -2 - -2113221303?
21